{"id":28,"date":"2024-01-20T18:10:44","date_gmt":"2024-01-20T18:10:44","guid":{"rendered":"https:\/\/www.uetliberg-lauf.ch\/?page_id=28"},"modified":"2024-07-10T07:20:30","modified_gmt":"2024-07-10T07:20:30","slug":"startseite","status":"publish","type":"page","link":"https:\/\/www.uetliberg-lauf.ch\/","title":{"rendered":"Der Berg rief mehrmals"},"content":{"rendered":"\n<p>Der erste internationale \u00dcetliberglauf (\u00fcla 24) fand  am 6. Juli bei sch\u00f6nstem Wetter und Regen statt! Total nahmen ca. 10 begeisterte Bergl\u00e4ufer*innen teil. Den ersten Platz mit jeweils 6 erfolgreichen Besteigungen teilen sich Reinhard, Luis und Rainer.<\/p>\n\n\n\n<p>Der n\u00e4chste Lauf wird im Sommer 2025 stattfinden. Genauere Infos an dieser Stelle.  (rs 10.7.2024)<\/p>\n\n\n\n<p><\/p>\n\n\n\n<div style=\"height:100px\" aria-hidden=\"true\" class=\"wp-block-spacer\"><\/div>\n\n\n\n<p><\/p>\n\n\n\n<p><\/p>\n\n\n\n<h2 class=\"wp-block-heading\"><\/h2>\n\n\n\n<p>Weitere Informationen unter FAQ<\/p>\n\n\n\n<p>Alle Informationen zum \u00dcetliberg-Lauf auf diesen Seiten. Lauf an einem Tag (6.00-18.00) mehrmals den \u00dcetliberg hoch, fahr mit der Bahn wieder runter, wieder hoch, wieder runter &#8230;    \u00a9by rs<\/p>\n\n\n\n<div style=\"height:100px\" aria-hidden=\"true\" class=\"wp-block-spacer\"><\/div>\n\n\n\n<figure class=\"wp-block-image size-full\"><img fetchpriority=\"high\" decoding=\"async\" width=\"874\" height=\"500\" src=\"https:\/\/www.uetliberg-lauf.ch\/wp-content\/uploads\/2024\/06\/flyer.png\" alt=\"\" class=\"wp-image-151\" srcset=\"https:\/\/www.uetliberg-lauf.ch\/wp-content\/uploads\/2024\/06\/flyer.png 874w, https:\/\/www.uetliberg-lauf.ch\/wp-content\/uploads\/2024\/06\/flyer-300x172.png 300w, https:\/\/www.uetliberg-lauf.ch\/wp-content\/uploads\/2024\/06\/flyer-768x439.png 768w\" sizes=\"(max-width: 874px) 100vw, 874px\" \/><\/figure>\n\n\n\n<p><\/p>\n","protected":false},"excerpt":{"rendered":"<p>Der erste internationale \u00dcetliberglauf (\u00fcla 24) fand am 6. Juli bei sch\u00f6nstem Wetter und Regen statt! Total nahmen ca. 10 begeisterte Bergl\u00e4ufer*innen teil. Den ersten Platz mit jeweils 6 erfolgreichen Besteigungen teilen sich Reinhard, Luis und Rainer. Der n\u00e4chste Lauf wird im Sommer 2025 stattfinden. Genauere Infos an dieser Stelle. (rs 10.7.2024) Weitere Informationen unter [&hellip;]<\/p>\n","protected":false},"author":1,"featured_media":0,"parent":0,"menu_order":0,"comment_status":"closed","ping_status":"closed","template":"","meta":{"footnotes":""},"tags":[12,11,13,5,10,8,9,7,6,14],"class_list":["post-28","page","type-page","status-publish","hentry","tag-freiwillig","tag-juni-204","tag-lauf","tag-ok","tag-spass","tag-uetliberg","tag-uetliberg-lauf","tag-ueetliberg-rennen","tag-ueetlibergrennen","tag-wettbewerb"],"_links":{"self":[{"href":"https:\/\/www.uetliberg-lauf.ch\/index.php?rest_route=\/wp\/v2\/pages\/28","targetHints":{"allow":["GET"]}}],"collection":[{"href":"https:\/\/www.uetliberg-lauf.ch\/index.php?rest_route=\/wp\/v2\/pages"}],"about":[{"href":"https:\/\/www.uetliberg-lauf.ch\/index.php?rest_route=\/wp\/v2\/types\/page"}],"author":[{"embeddable":true,"href":"https:\/\/www.uetliberg-lauf.ch\/index.php?rest_route=\/wp\/v2\/users\/1"}],"replies":[{"embeddable":true,"href":"https:\/\/www.uetliberg-lauf.ch\/index.php?rest_route=%2Fwp%2Fv2%2Fcomments&post=28"}],"version-history":[{"count":22,"href":"https:\/\/www.uetliberg-lauf.ch\/index.php?rest_route=\/wp\/v2\/pages\/28\/revisions"}],"predecessor-version":[{"id":159,"href":"https:\/\/www.uetliberg-lauf.ch\/index.php?rest_route=\/wp\/v2\/pages\/28\/revisions\/159"}],"wp:attachment":[{"href":"https:\/\/www.uetliberg-lauf.ch\/index.php?rest_route=%2Fwp%2Fv2%2Fmedia&parent=28"}],"wp:term":[{"taxonomy":"post_tag","embeddable":true,"href":"https:\/\/www.uetliberg-lauf.ch\/index.php?rest_route=%2Fwp%2Fv2%2Ftags&post=28"}],"curies":[{"name":"wp","href":"https:\/\/api.w.org\/{rel}","templated":true}]}}