{"id":105,"date":"2024-01-21T08:06:54","date_gmt":"2024-01-21T08:06:54","guid":{"rendered":"https:\/\/www.uetliberg-lauf.ch\/?page_id=105"},"modified":"2024-01-21T10:20:53","modified_gmt":"2024-01-21T10:20:53","slug":"gaestebuch","status":"publish","type":"page","link":"https:\/\/www.uetliberg-lauf.ch\/?page_id=105","title":{"rendered":"G\u00e4stebuch"},"content":{"rendered":"\n<p><\/p>\n\n\n\n<p>Hinweis: die Beitr\u00e4ge sollten nicht sofort sichtbar sein, Spam l\u00e4sst gr\u00fcssen. Daher: es kann ein paar wenige Tage dauern, bis der Kommentar aufgeschaltet wurde.<\/p>\n\n\n\n<p>  <\/p>\n\n\n\n<p>  <\/p>\n\n\n\n<div style=\"height:100px\" aria-hidden=\"true\" class=\"wp-block-spacer\"><\/div>\n\n\n<div class=\"gwolle-gb\"><div class=\"gwolle_gb_messages_top_container\"><\/div>\n\t\t\t<div class=\"gwolle-gb-write-button\">\n\t\t\t\t<input type=\"button\" name=\"gwolle-gb-write-button\" class=\"button btn btn-default \" value=\"Neuen Eintrag schreiben\" \/>\n\t\t\t<\/div>\n\t\t\t<form action=\"#\" method=\"POST\" class=\"gwolle-gb-write gwolle-gb-hide gwolle-gb-float gwolle_gb_form_ajax gwolle-gb-form-ajax gwolle-gb-ajax gwolle-gb-not-logged-in\">\n\t\t\t\t<h3><\/h3>\n\t\t\t\t<button type=\"button\" class=\"gb-notice-dismiss\">x<span class=\"screen-reader-text\">Dieses Formular ausblenden<\/span><\/button>\n\t\t\t\n\t\t\t\t<input type=\"hidden\" name=\"gwolle_gb_function\" class=\"gwolle_gb_function\" value=\"add_entry\" \/><input type=\"hidden\" name=\"gwolle_gb_book_id\" class=\"gwolle_gb_book_id\" value=\"1\" \/><div class=\"gwolle_gb_3402ec1eaf81ebd8f3d7a3af001ad5c5\">\n\t\t\t\t<div class=\"label\"><label for=\"gwolle_gb_3402ec1eaf81ebd8f3d7a3af001ad5c5\" class=\"text-info\">Name <span class=\"required\">*<\/span><\/label><\/div>\n\t\t\t\t<div class=\"input\"><input class=\"wp-exclude-emoji gwolle_gb_3402ec1eaf81ebd8f3d7a3af001ad5c5\" value=\"\" type=\"text\" name=\"gwolle_gb_3402ec1eaf81ebd8f3d7a3af001ad5c5\" required \/><\/div>\n\t\t\t\t<div class=\"clearBoth\">&nbsp;<\/div>\n\t\t\t<\/div><div class=\"gwolle_gb_c78cfaf723a0c7ae74fa75769acd109c\">\n\t\t\t\t\t<div class=\"label\"><label for=\"gwolle_gb_c78cfaf723a0c7ae74fa75769acd109c\" class=\"text-info\">Ort<\/label><\/div>\n\t\t\t\t\t<div class=\"input\"><input class=\"wp-exclude-emoji gwolle_gb_c78cfaf723a0c7ae74fa75769acd109c\" value=\"\" type=\"text\" name=\"gwolle_gb_c78cfaf723a0c7ae74fa75769acd109c\" \/><\/div>\n\t\t\t\t\t<div class=\"clearBoth\">&nbsp;<\/div>\n\t\t\t\t<\/div><div class=\"gwolle_gb_8b9267db7f93f4aab777279e0f2b668f\">\n\t\t\t\t<div class=\"label\"><label for=\"gwolle_gb_8b9267db7f93f4aab777279e0f2b668f\" class=\"text-info\">E-Mail <span class=\"required\">*<\/span><\/label><\/div>\n\t\t\t\t<div class=\"input\"><input class=\"gwolle_gb_8b9267db7f93f4aab777279e0f2b668f\" value=\"\" type=\"email\" name=\"gwolle_gb_8b9267db7f93f4aab777279e0f2b668f\" required \/><\/div>\n\t\t\t\t<div class=\"clearBoth\">&nbsp;<\/div>\n\t\t\t<\/div><div class=\"gwolle_gb_98ce48e97265198127040ec019c6bf45\">\n\t\t\t\t<div class=\"label\"><label for=\"gwolle_gb_98ce48e97265198127040ec019c6bf45\" class=\"text-info\">Website<\/label><\/div>\n\t\t\t\t<div class=\"input\"><input class=\"gwolle_gb_98ce48e97265198127040ec019c6bf45\" value=\"\" type=\"url\" name=\"gwolle_gb_98ce48e97265198127040ec019c6bf45\" \/><\/div>\n\t\t\t\t<div class=\"clearBoth\">&nbsp;<\/div>\n\t\t\t<\/div>\n\t\t\t<div class=\"gwolle_gb_14eb9a73945ea3aabcc5ccff019bdc59\" style=\"display:none;overflow:hidden;\">\n\t\t\t\t<div class=\"label\">\n\t\t\t\t\t<label for=\"gwolle_gb_14eb9a73945ea3aabcc5ccff019bdc59\" class=\"text-primary\">Hier nichts eingeben<\/label>\n\t\t\t\t\t<label for=\"gwolle_gb_44835f41370c661fc774ecf6cf8b7543\" class=\"text-primary\">Hier nichts eingeben<\/label>\n\t\t\t\t<\/div>\n\t\t\t\t<div class=\"input\">\n\t\t\t\t\t<input value=\"63\" type=\"text\" name=\"gwolle_gb_14eb9a73945ea3aabcc5ccff019bdc59\" class=\"gwolle_gb_14eb9a73945ea3aabcc5ccff019bdc59\" style=\"transform: translateY(10000px);\" \/>\n\t\t\t\t\t<input value=\"\" type=\"text\" name=\"gwolle_gb_44835f41370c661fc774ecf6cf8b7543\" class=\"gwolle_gb_44835f41370c661fc774ecf6cf8b7543\" style=\"transform: translateY(10000px);\" \/>\n\t\t\t\t<\/div>\n\t\t\t\t<div class=\"clearBoth\"><\/div>\n\t\t\t<\/div>\n\t\t\t<div class=\"gwolle_gb_3758663e5a25b1c1f0f54c7cfbb73bd5\" style=\"display:none;overflow:hidden;\">\n\t\t\t\t<div class=\"label\">\n\t\t\t\t\t<label for=\"gwolle_gb_3758663e5a25b1c1f0f54c7cfbb73bd5\" class=\"text-primary\">Hier nichts eingeben<\/label>\n\t\t\t\t\t<label for=\"gwolle_gb_1dc29705d8fd0a2f09301fea0326a435\" class=\"text-primary\">Hier nichts eingeben<\/label>\n\t\t\t\t<\/div>\n\t\t\t\t<div class=\"input\">\n\t\t\t\t\t<input value=\"85391\" type=\"text\" name=\"gwolle_gb_3758663e5a25b1c1f0f54c7cfbb73bd5\" class=\"gwolle_gb_3758663e5a25b1c1f0f54c7cfbb73bd5\" style=\"transform: translateY(10000px);\" \/>\n\t\t\t\t\t<input value=\"85391\" type=\"text\" name=\"gwolle_gb_1dc29705d8fd0a2f09301fea0326a435\" class=\"gwolle_gb_1dc29705d8fd0a2f09301fea0326a435\" style=\"transform: translateY(10000px);\" \/>\n\t\t\t\t<\/div>\n\t\t\t\t<div class=\"clearBoth\"><\/div>\n\t\t\t<\/div><div class=\"gwolle_gb_content\">\n\t\t\t\t<div class=\"label\"><label for=\"gwolle_gb_content\" class=\"text-info\">G\u00e4stebucheintrag <span class=\"required\">*<\/span><\/label><\/div>\n\t\t\t\t<div class=\"input\"><textarea name=\"gwolle_gb_content\" class=\"gwolle_gb_content wp-exclude-emoji\" required ><\/textarea><\/div>\n\t\t\t\t\t<div class=\"clearBoth\">&nbsp;<\/div>\n\t\t\t\t<\/div><input type=\"hidden\" class=\"gwolle_gb_b152d529252ea769338c121b3ae3254e\" name=\"gwolle_gb_b152d529252ea769338c121b3ae3254e\" value=\"8325160480\" \/>\n\t\t\t<div class=\"gwolle_gb_messages_bottom_container\"><\/div>\n\n\t\t\t<noscript><div class=\"no-js\">Warnung: Dieses Formular kann nur verwendet werden, wenn in deinem Browser JavaScript aktiviert ist.<\/div><\/noscript>\n\n\t\t\t<div class=\"gwolle_gb_submit\">\n\t\t\t\t<div class=\"label gwolle-gb-invisible text-muted\">&nbsp;<\/div>\n\t\t\t\t<div class=\"input\">\n\t\t\t\t\t<input type=\"submit\" name=\"gwolle_gb_submit\" class=\"gwolle_gb_submit button btn btn-primary \" value=\"Absenden\" \/>\n\t\t\t\t\t<span class=\"gwolle_gb_submit_ajax_icon\"><\/span>\n\t\t\t\n\t\t\t\t<\/div>\n\t\t\t\t<div class=\"clearBoth\">&nbsp;<\/div>\n\t\t\t<\/div>\n\n\t\t\t<div class=\"gwolle_gb_notice\">\n\t\t\t\t\n\t\t\t<\/div><\/form><div class=\"gwolle-gb-read gwolle-gb-ajax gwolle-gb-entries-list\" data-book_id=\"1\" data-page_id=\"1\">\n\t\t<div id=\"gwolle-gb-total\" class=\"gwolle-gb-total\">2 Eintr\u00e4ge<\/div><!-- Gwolle-GB Entry: Default Template Loaded -->\n\t\t\t\t<div class=\"gb-entry gb-entry_5 gb-entry-count_1 gwolle_gb_uneven gwolle-gb-uneven gwolle-gb-first\" data-entry_id=\"5\">\n\t\t\t\t<article>\n\t\t\t\t\t<div class=\"gb-author-info\">\n\t\t\t\t\t\t<span class=\"gb-author-avatar\"><img referrerpolicy=\"no-referrer\" alt='Anastasia' src='https:\/\/secure.gravatar.com\/avatar\/65d1511a53c6747c481f2a179e534d69102d7a31cc5a3f5abbdc927b620fe685?s=32&#038;d=mm&#038;r=g' srcset='https:\/\/secure.gravatar.com\/avatar\/65d1511a53c6747c481f2a179e534d69102d7a31cc5a3f5abbdc927b620fe685?s=64&#038;d=mm&#038;r=g 2x' class='avatar avatar-32 photo' height='32' width='32' \/><\/span>\n\t\t\t\t\t\t<span class=\"gb-author-name\">Anastasia\n\t\t\t\t\t\t<\/span>\n\t\t\t\t\t\t<span class=\"gb-datetime\">\n\t\t\t\t\t\t\t<span class=\"gb-date\"><span class=\"gb-date-wrote-text\"> schrieb am<\/span><span class=\"gb-date-text\"> Juli 5, 2024<\/span>\n\t\t\t\t\t\t\t<\/span><span class=\"gb-time\">\n\t\t\t\t\t\t\t\t\t<span class=\"gb-time-at-text\"> um<\/span>\n\t\t\t\t\t\t\t\t\t<span class=\"gb-time-text\"> 7:57 p.m.<\/span>\n\t\t\t\t\t\t\t\t<\/span>\n\t\t\t\t\t\t<\/span> \n\t\t\t\t\t<\/div>\n\t\t\t\t\t<div class=\"gb-entry-content\">Hallo ihr beiden, ich werde stolz teilnehmen (Kommentar davor)\n\t\t\t\t\t<\/div>\n\t\t\t\t<\/article>\n\t\t\t<\/div>\n\t\t\t<div class=\"gb-entry gb-entry_1 gb-entry-count_2 gwolle_gb_even gwolle-gb-even\" data-entry_id=\"1\">\n\t\t\t\t<article>\n\t\t\t\t\t<div class=\"gb-author-info\">\n\t\t\t\t\t\t<span class=\"gb-author-avatar\"><img referrerpolicy=\"no-referrer\" alt='ok rainer' src='https:\/\/secure.gravatar.com\/avatar\/6a8a05b4c58c99e671b6c9a2ffcc567c6e763b440e3f6f9600a70f319310c55f?s=32&#038;d=mm&#038;r=g' srcset='https:\/\/secure.gravatar.com\/avatar\/6a8a05b4c58c99e671b6c9a2ffcc567c6e763b440e3f6f9600a70f319310c55f?s=64&#038;d=mm&#038;r=g 2x' class='avatar avatar-32 photo' height='32' width='32' \/><\/span>\n\t\t\t\t\t\t<span class=\"gb-author-name\"><a href=\"https:\/\/www.uetliberg-lauf.ch\" target=\"_blank\" rel=\"nofollow noopener noreferrer\"\n\t\t\t\t\t\t\ttitle=\"Besuche die Website von ok rainer: https:\/\/www.uetliberg-lauf.ch\"><i class=\"gb-moderator\">ok rainer<\/i><\/a>\n\t\t\t\t\t\t<\/span>\n\t\t\t\t\t\t<span class=\"gb-datetime\">\n\t\t\t\t\t\t\t<span class=\"gb-date\"><span class=\"gb-date-wrote-text\"> schrieb am<\/span><span class=\"gb-date-text\"> Januar 21, 2024<\/span>\n\t\t\t\t\t\t\t<\/span><span class=\"gb-time\">\n\t\t\t\t\t\t\t\t\t<span class=\"gb-time-at-text\"> um<\/span>\n\t\t\t\t\t\t\t\t\t<span class=\"gb-time-text\"> 8:08 a.m.<\/span>\n\t\t\t\t\t\t\t\t<\/span>\n\t\t\t\t\t\t<\/span> \n\t\t\t\t\t<\/div>\n\t\t\t\t\t<div class=\"gb-entry-content\">Willkommen auf dieser Seite.\nWer will und kann darf gerne einen Kommentar hinterlassen. Und nat\u00fcrlich am \u00fcla24 teilnehmen\n\t\t\t\t\t<\/div>\n\t\t\t\t<\/article>\n\t\t\t<\/div>\n\t\t\t<\/div><\/div>\n","protected":false},"excerpt":{"rendered":"<p>Hinweis: die Beitr\u00e4ge sollten nicht sofort sichtbar sein, Spam l\u00e4sst gr\u00fcssen. Daher: es kann ein paar wenige Tage dauern, bis der Kommentar aufgeschaltet wurde.<\/p>\n","protected":false},"author":1,"featured_media":0,"parent":0,"menu_order":0,"comment_status":"closed","ping_status":"closed","template":"","meta":{"footnotes":""},"tags":[],"class_list":["post-105","page","type-page","status-publish","hentry"],"_links":{"self":[{"href":"https:\/\/www.uetliberg-lauf.ch\/index.php?rest_route=\/wp\/v2\/pages\/105","targetHints":{"allow":["GET"]}}],"collection":[{"href":"https:\/\/www.uetliberg-lauf.ch\/index.php?rest_route=\/wp\/v2\/pages"}],"about":[{"href":"https:\/\/www.uetliberg-lauf.ch\/index.php?rest_route=\/wp\/v2\/types\/page"}],"author":[{"embeddable":true,"href":"https:\/\/www.uetliberg-lauf.ch\/index.php?rest_route=\/wp\/v2\/users\/1"}],"replies":[{"embeddable":true,"href":"https:\/\/www.uetliberg-lauf.ch\/index.php?rest_route=%2Fwp%2Fv2%2Fcomments&post=105"}],"version-history":[{"count":5,"href":"https:\/\/www.uetliberg-lauf.ch\/index.php?rest_route=\/wp\/v2\/pages\/105\/revisions"}],"predecessor-version":[{"id":121,"href":"https:\/\/www.uetliberg-lauf.ch\/index.php?rest_route=\/wp\/v2\/pages\/105\/revisions\/121"}],"wp:attachment":[{"href":"https:\/\/www.uetliberg-lauf.ch\/index.php?rest_route=%2Fwp%2Fv2%2Fmedia&parent=105"}],"wp:term":[{"taxonomy":"post_tag","embeddable":true,"href":"https:\/\/www.uetliberg-lauf.ch\/index.php?rest_route=%2Fwp%2Fv2%2Ftags&post=105"}],"curies":[{"name":"wp","href":"https:\/\/api.w.org\/{rel}","templated":true}]}}